ivided by 12307?
1123
What is the remainder when 29212 is divided by 23383?
5829
What is the remainder when 2312321 is divided by 17255?
151
What is the remainder when 49056 is divided by 438?
0
What is the remainder when 10785290 is divided by 306?
14
Calculate the remainder when 1882350 is divided by 617.
500
What is the remainder when 328970828 is divided by 1861?
1858
What is the remainder when 7105847 is divided by 112791?
14
Calculate the remainder when 298677 is divided by 649.
137
What is the remainder when 1717038 is divided by 90369?
27
Calculate the remainder when 51059 is divided by 3010.
2899
What is the remainder when 6860944 is divided by 163355?
34
Calculate the remainder when 135081 is divided by 6015.
2751
What is the remainder when 5423444 is divided by 7671?
47
Calculate the remainder when 858767 is divided by 2710.
2407
Calculate the remainder when 7826344 is divided by 2065.
2059
What is the remainder when 78157 is divided by 9753?
133
Calculate the remainder when 138620048 is divided by 1174.
1172
Calculate the remainder when 491016 is divided by 161975.
5091
What is the remainder when 719882 is divided by 196?
170
Calculate the remainder when 117197 is divided by 1410.
167
What is the remainder when 49935 is divided by 3271?
870
Calculate the remainder when 5818011 is divided by 528.
507
What is the remainder when 112890 is divided by 10253?
107
What is the remainder when 96084898 is divided by 37?
5
What is the remainder when 28959 is divided by 5888?
5407
What is the remainder when 307036 is divided by 3518?
970
Calculate the remainder when 21170870 is divided by 1614.
32
What is the remainder when 11843300 is divided by 889?
42
What is the remainder when 235247507 is divided by 18?
17
Calculate the remainder when 743429 is divided by 23981.
18
Calculate the remainder when 216017 is divided by 4501.
4470
What is the remainder when 145022 is divided by 143493?
1529
What is the remainder when 93970750 is divided by 454?
14
Calculate the remainder when 67148104 is divided by 1311.
1306
What is the remainder when 68894828 is divided by 193?
4
What is the remainder when 21074125 is divided by 15893?
7
What is the remainder when 345296 is divided by 385?
336
Calculate the remainder when 56840 is divided by 14169.
164
What is the remainder when 10315466 is divided by 10315375?
91
Calculate the remainder when 1138192 is divided by 569083.
26
Calculate the remainder when 45430 is divided by 49.
7
Calculate the remainder when 14164917 is divided by 1155.
1152
What is the remainder when 6928826 is divided by 9610?
16
Calculate the remainder when 959544 is divided by 75.
69
What is the remainder when 6953845 is divided by 3291?
3253
Calculate the remainder when 56100999 is divided by 31.
20
Calculate the remainder when 346866 is divided by 5594.
38
What is the remainder when 1378154 is divided by 168?
50
What is the remainder when 2483449 is divided by 218?
211
Calculate the remainder when 5940012 is divided by 1485001.
8
Calculate the remainder when 2729588 is divided by 1160.
108
Calculate the remainder when 257891 is divided by 22.
7
Calculate the remainder when 3489851 is divided by 142.
59
What is the remainder when 243305 is divided by 60561?
1061
Calculate the remainder when 73006720 is divided by 149.
147
Calculate the remainder when 29513 is divided by 362.
191
What is the remainder when 154854 is divided by 12898?
78
What is the remainder when 1668063230 is divided by 173?
171
What is the remainder when 23019 is divided by 3824?
75
Calculate the remainder when 14513638 is divided by 143.
139
What is the remainder when 141042 is divided by 1294?
1290
Calculate the remainder when 10663 is divided by 422.
113
Calculate the remainder when 251720 is divided by 1091.
790
Calculate the remainder when 58225 is divided by 1438.
705
What is the remainder when 27107508 is divided by 234?
12
What is the remainder when 530658 is divided by 2111?
797
Calculate the remainder when 14842905 is divided by 4816.
4809
What is the remainder when 21289102 is divided by 18?
16
Calculate the remainder when 2960246 is divided by 60412.
58
What is the remainder when 22680664 is divided by 13248?
88
What is the remainder when 20691 is divided by 20686?
5
What is the remainder when 36873 is divided by 4399?
1681
What is the remainder when 1071358 is divided by 1228?
542
Calculate the remainder when 60071560 is divided by 15017888.
8
Calculate the remainder when 72762 is divided by 827.
813
What is the remainder when 102964109 is divided by 757?
754
What is the remainder when 48364579 is divided by 122?
119
What is the remainder when 464334650 is divided by 1072?
1066
What is the remainder when 85898 is divided by 28551?
245
Calculate the remainder when 375156 is divided by 74937.
471
Calculate the remainder when 4312070 is divided by 6675.
20
Calculate the remainder when 130314 is divided by 1402.
1330
What is the remainder when 8091198 is divided by 2633?
2622
What is the remainder when 6086 is divided by 1609?
1259
What is the remainder when 2320230558 is divided by 1135?
1133
What is the remainder when 70288 is divided by 34873?
542
What is the remainder when 2068980 is divided by 413751?
225
Calculate the remainder when 118226 is divided by 29376.
722
What is the remainder when 223614 is divided by 111807?
0
What is the remainder when 621086 is divided by 2127?
2
What is the remainder when 465601 is divided by 281?
265
Calculate the remainder when 28294443 is divided by 14147217.
9
What is the remainder when 321380 is divided by 6421?
330
What is the remainder when 438127 is divided by 87504?
607
What is the remainder when 34591352 is divided by 5765225?
2
Calculate the remainder when 2509846 is divided by 110.
86
What is the remainder when 525437 is divided by 3146?
55
Calculate the remainder when 50498687 is divided by 6.
5
Calculate the remainder when 107567 is divided by 21331.
912
What is the remainder when 58884 is divided by 1475?
1359
Calculate the remainder when 1290446 is divided by 6004.
5590
What is the remainder when 45516 is divided by 1820?
16
What is the remainder when 96825074 is divided by 10087?
10048
Calculate the remainder when 565431 is divided by 37692.
51
What is the remainder when 1921309518 is divided by 208?
206
Calculate the remainder when 1855947 is divided by 618284.
1095
Calculate the remainder when 714539 is divided by 761.
721
Calculate the remainder when 39352 is divided by 397.
49
Calculate the remainder when 147861 is divided by 12292.
357
What is the remainder when 413554 is divided by 92?
14
Calculate the remainder when 336661 is divided by 3472.
3349
What is the remainder when 583473 is divided by 9277?
8299
Calculate the remainder when 28215219 is divided by 562.
9
What is the remainder when 788245 is divided by 157643?
30
Calculate the remainder when 14372400 is divided by 4790780.
60
What is the remainder when 1890751 is divided by 573?
424
What is the remainder when 61775 is divided by 33?
32
What is the remainder when 173720 is divided by 42362?
4272
Calculate the remainder when 128152 is divided by 382.
182
What is the remainder when 4606560 is divided by 115158?
240
Calculate the remainder when 7687911 is divided by 28058.
19
What is the remainder when 9167214 is divided by 272?
270
What is the remainder when 2342984 is divided by 4972?
1172
What is the remainder when 38418 is divided by 2573?
2396
What is the remainder when 14539608 is divided by 1949?
68
What is the remainder when 16579348 is divided by 8289667?
14
What is the remainder when 58634206 is divided by 36?
34
Calculate the remainder when 4943199 is divided by 568.
463
Calculate the remainder when 26889387 is divided by 1413.
1410
Calculate the remainder when 3810054 is divided by 726.
6
What is the remainder when 406428591 is divided by 848?
847
Calculate the remainder when 825171 is divided by 824843.
328
What is the remainder when 183329181 is divided by 696?
693
What is the remainder when 3134677 is divided by 11?
7
Calculate the remainder when 30902452 is divided by 2060162.
22
What is the remainder when 146169620 is divided by 38?
36
What is the remainder when 508157 is divided by 1598?
1591
What is the remainder when 309365